b**4/12 + b**3 - 3*b**2/2 + 3*b. Let q(x) = -2*x - 1. Let y be q(-2). Determine k(y).
6
Let w(d) be the third derivative of -d**8/6720 - d**7/2520 + d**6/180 - d**5/120 - d**4/24 + 4*d**2. Let c(z) be the second derivative of w(z). Calculate c(-3).
5
Let u = 2 + 1. Suppose -2*c - 16 = -3*t + u*c, -4*c - 20 = 0. Let l(a) = -a**3 - 2*a**2 + 4*a + 2. Give l(t).
-1
Let g(w) be the second derivative of w**3/3 - 5*w**2 - 8*w. Determine g(7).
4
Suppose 4*t - 3 = 5*u + 6, -4*t + u + 5 = 0. Let n(p) = 1 - t + 2 - 2*p + 2. Give n(-4).
12
Let g(s) be the first derivative of -1/4*s**4 + s + 7 + 3/2*s**2 + 4/3*s**3. Calculate g(5).
-9
Let a(t) = t**3 - 5*t**2 + 7*t - 1. Let d(i) = i**3 - 5*i**2 + 6*i. Let p(j) = 3*a(j) - 4*d(j). Suppose 2*c + 4*c = 18. What is p(c)?
6
Let w(j) = -j**3 + 4*j**2 + 5*j - 1. Let a be 0/((3 - 1) + -1). Suppose 0 = -2*q - 3*b + b + 12, q - 4*b - 1 = 0. Suppose -g + a = -q. Determine w(g).
-1
Let j(v) = -v**3 + v**2 - v - 14. Suppose -8 + 8 = 2*k. Give j(k).
-14
Let o(z) = z**3 - 6*z**2 + 6*z**3 + 2 - 1 - 2*z - 8*z**3. What is o(-5)?
-14
Let t(q) = -3*q + 5. Let w(p) = 3*p - 3. Let f(c) = -9*c + 10. Let r(d) = 3*f(d) + 8*w(d). Let g(n) = 5*r(n) - 6*t(n). Calculate g(-4).
-12
Let x(f) = f**3 - 12*f**2 - 12*f - 15. Let p be x(13). Let j(b) be the second derivative of b**5/20 - b**3/2 - b**2/2 + b. Determine j(p).
-3
Let b = 1 + 3. Suppose -1 = -n + b. Suppose v + t = 5*v + 3, n*v = 5*t - 15. Let u(d) = d**3 - d + 6. Determine u(v).
6
Let q(s) be the first derivative of -s**4/6 - s**3/6 + s**2 + 3*s - 3. Let g(l) be the first derivative of q(l). Determine g(-2).
-4
Let z = 5 + 0. Let b(s) = s**2 - 4*s - 3. What is b(z)?
2
Let v(x) = 6*x**2 - 4*x + 3. Let h(u) = -5*u**2 + 4*u - 2. Let r be (-1)/(34/8 - 4). Let y(o) = r*v(o) - 5*h(o). What is y(4)?
-2
Let v(c) be the first derivative of -c**2/2 + c + 7. Give v(4).
-3
Let s(v) = -v**2 + v + 4. Let o be s(4). Let a be 1*-5*o/20. Let q(c) = -2*c - a*c + 1 + 5*c. Determine q(0).
1
Let s = 10 + -9. Let a(p) = 3 - 2 - p**3 - 5*p**2 + p + s. Calculate a(-5).
-3
Suppose 9*x = 7 - 61. Let w(t) = -t**3 - 7*t**2 - 4*t + 8. Determine w(x).
-4
Let v(a) be the first derivative of -a**5/20 - 5*a**4/12 + 7*a**2/2 + 3*a - 3. Let h(j) be the first derivative of v(j). Give h(-5).
7
Let r(v) = v + 7*v - 7*v + 3. Calculate r(4).
7
Suppose 0 = -3*z + 15, -z + 26 = -3*s + 3*z. Let q(i) be the first derivative of -3*i**2/2 - 3*i - 6. Give q(s).
3
Suppose 0 = 3*k + k - 12. Let l be (-1)/(k/(-1) - -2). Let h(m) be the second derivative of -m**4/3 - m**3/6 + m**2/2 + 2*m. Calculate h(l).
-4
Let v(c) = 5*c + 3. Let o(f) = f**3 - 4*f**2 + f - 1. Let k be o(3). Suppose -3*b + 5*t = 8, 4 = -2*b + 2*t - 0. Let m be b/4 - k/(-4). Give v(m).
-7
Let r = 64 - 60. Let s(l) = l**2 - 4*l + 2. What is s(r)?
2
Let r(i) = 2*i**2 - 11*i + 6. Let k = -203 - -210. What is r(k)?
27
Let b(f) = -f + 3. Let a(d) = 3*d - 5. Let h(v) = -2*a(v) - 5*b(v). Let i(x) = x**3 - 8*x**2 + x - 12. Let t be i(8). Give h(t).
-1
Let a(g) = -5 - 7*g + 14*g - 8*g. Suppose -6*x = -2*x + 16. Give a(x).
-1
Let b(u) be the second derivative of u**4/12 + u**3 + u**2/2 + 25*u. Give b(-5).
-4
Let q(j) = -4*j + 2. Let g be q(2). Let u(o) = o**2 - 2 + 2 + 6 - 3 + 6*o. Calculate u(g).
3
Let h(o) be the second derivative of -o**4/12 + o**3/3 + 3*o**2/2 + 2*o. Suppose -u + 15 = -6*u. Let f be -1*u*(-2)/3. Determine h(f).
-5
Let m(h) = h**3 - 3*h**2 - 4*h + 3. Let n be m(4). Let c(o) = -5 - 4*o + n*o**2 + 3 + o**3 - 1. Give c(-4).
-3
Suppose -1 = 4*y - 9. Let b(h) be the first derivative of -h**3 - 3 + h + 0 - 3*h**2 + 4*h**2. Calculate b(y).
-7
Let x(b) = -2*b**3 + b**2 + b + 1. Suppose -5*c + 6 = -2*c. Suppose l = -3*r + 1, 26 = c*r - 4*l + 2. Determine x(r).
-9
Let p(x) = -3*x**2 - 6*x. Let l(c) = 7*c**2 + 13*c. Let a(w) = 4*l(w) + 9*p(w). Determine a(-2).
8
Let p(s) = s**2 - 3*s - 2. Suppose 4*c = -2*j + 5*j - 17, 2*j - 2*c = 10. Let z be p(j). Let h(f) = 2*f**3 + 2*f**2 - 2*f - 2. Give h(z).
-6
Let h(d) = 3*d + 3. Suppose -4*p + 7*w = 2*w + 92, 5*w = 3*p + 74. Let s be ((-3)/(-9))/(3/p). Calculate h(s).
-3
Let s(o) = 3*o**2 - 2*o + 4. Let t(y) = y**2 - y + 1. Let g(k) = -s(k) + 4*t(k). Let a(f) = -f**2 - 7*f + 1. Let q be a(-7). What is g(q)?
-1
Let f(c) = 4*c**3 + 3*c**2 + 4*c + 6. Let j(t) = -7*t**3 - 7*t**2 - 8*t - 11. Let q(b) = 5*f(b) + 3*j(b). Give q(-5).
-8
Let w(u) be the third derivative of u**5/60 - 5*u**4/24 + 3*u**2 - 3*u. Let i be (-13)/(-2) + 1/(-2). Determine w(i).
6
Let n(l) be the third derivative of l**5/20 - l**4/8 + l**2. Let t = 24 - 21. Suppose t*f - 3 = 3. Give n(f).
6
Let p(x) = -4*x - 3. Let z(m) = -m**2 + 8*m - 2. Let g(a) = a**2 + 2*a. Let c be g(2). Let w be z(c). Let d be w + 3/3 + -1. Determine p(d).
5
Suppose 2 = 2*n - 2*u, u + 3*u - 17 = -3*n. Let p(s) = -6*s**n + 3*s**3 + s**3. Suppose -3*i - 3*v = 2*i + 10, 3*v = -2*i - 13. Calculate p(i).
-2
Let s = 0 - 0. Let d(n) be the third derivative of -n**7/5040 + n**6/90 - n**5/60 + 3*n**2. Let z(x) be the third derivative of d(x). What is z(s)?
8
Let d(z) be the first derivative of z**3/3 - 5*z + 12. Suppose -2*l + 4 = 3*a, 4*a + 10 = 3*l + 4. Determine d(a).
-5
Let l(v) = v**3 + 4*v**2 + 3*v. Let k be l(-3). Let j(z) = 5 + 1 + z - 3*z + k*z. Calculate j(5).
-4
Let u(g) = 20*g**2 - 5*g - 4. Let v(i) = i + 1. Let d(s) = u(s) + 3*v(s). Determine d(-1).
21
Suppose -3*n + n = -10. Let o(q) = -2*q + 2. Determine o(n).
-8
Let u(v) = 2*v**2 + 3*v - 7. Let x(s) = -3*s**2 - 6*s + 13. Let r(j) = -5*u(j) - 3*x(j). Let f = 8 - 4. Calculate r(f).
-8
Let y(o) = o - 1. Let t = 7 - 6. Let n be y(t). Let x(f) = n*f + f**2 - 2 + f**2 - 3*f - f**2. Determine x(3).
-2
Let u(q) = 11*q**3 + 9*q**2 + 15. Let r(n) = -5*n**3 - 5*n**2 - 8. Let a(s) = -9*r(s) - 4*u(s). What is a(-9)?
12
Let u(h) be the third derivative of 3/8*h**4 + 0*h**3 + 0 + h**2 + 0*h. Give u(1).
9
Let g(i) = i - 1. Suppose 2*j + 2*j - 4 = 0. What is g(j)?
0
Let g(z) = 0 + 2*z + 4*z**3 + 1 - z**3. Suppose 0 = 2*s - s. Let c(v) = -v - 1. Let x be c(s). Give g(x).
-4
Let v(n) be the third derivative of n**4/24 - 7*n**3/6 - 16*n**2. Determine v(9).
2
Let x(f) be the third derivative of f**4/6 - f**3/6 - 3*f**2. What is x(3)?
11
Suppose -5*i = 4*u + 20 - 4, -2*u - 8 = 0. Let c(l) be the first derivative of -1 + i*l**2 + 0*l + 1/3*l**3. What is c(0)?
0
Let f(a) = a**2 - 2*a - 2 + 2*a**2 - 4*a**2 + 7*a. Let k = 0 - -3. Let h = 5 - k. Determine f(h).
4
Let j(d) = 2*d**2 + 4*d + 2. Suppose 10 = 3*z - z. Suppose 10 = a - z. Suppose 6*f = f - a. What is j(f)?
8
Let q(a) be the first derivative of a**2/2 - 4*a + 1. Suppose 0 = -3*z - 0*z + 12. Calculate q(z).
0
Let i(f) = f**3 - f**2 + 3*f - 1. Suppose 3*q - 6 = -2*k + 5*k, -3*k - 14 = -5*q. Give i(k).
9
Let g be 6/(-3) - (2 + -4). Let p(v) = -v - 4. Give p(g).
-4
Let w(a) be the first derivative of -a**2 + 1/6*a**3 + 0*a + 1 + 1/8*a**4. Let n(q) be the second derivative of w(q). Determine n(-3).
-8
Let g(r) = 6*r**2 - r - 1. Let w be g(-1). Suppose 0 = -3*q + w*q - 102. Suppose -q = 5*z - 9. Let b(l) = -l**2 - 3*l + 7. What is b(z)?
-3
Suppose z - 1 - 1 = 0. Let l = 1 + 5. Suppose z*t - 2*r = -l, -4*t + r - 7 = 5. Let u(f) = -f**2 - 4*f - 1. What is u(t)?
2
Let y(i) = i**3 - 2*i**2 - i - 2. Let v(t) = t**2 + 9*t - 7. Let z be v(-10). Determine y(z).
4
Let r(h) be the first derivative of -h**4/4 + h**3 - h**2/2 + h - 4. Let v(q) = -q**3 - q**2 + 2*q + 2. Let w be v(-2). Determine r(w).
3
Let o(u) = -2*u**3 - 6 - 2*u**3 - u**2 + 3*u**3. Let j be o(0). Let p(y) = -y**2 - 7*y - 1. Let t be p(j). Let s(l) = -l**3 + 5*l**2 - l + 2. Determine s(t).
-3
Suppose -2*z - 2*u + 16 = 0, 23 = 4*z + u - 6*u. Let x(n) = -n + z - n - n**2 - n - 1. Give x(-5).
-4
Suppose -10 = 15*v - 10*v. Let o(k) = k + 1. What is o(v)?
-1
Let l be 42/15 - (-3)/15. Suppose 3*y - 2*r = -l, 4*y - 4*r = 5*y + 1. Let z(k) = 49 - 24 - 26 - 7*k**2 - k. Calculate z(y).
-7
Let i = -8 + 14. Let j(s) = 0*s - 9 + 8*s - 5*s. Give j(i).
9
Let z(m) = m**3 - 3*m**2 - m. Let p(o) = -o**2 - 1. Let v(w) = -2*p(w) - z(w). Calculate v(5).
7
Let x(d) = d - 6. Let a be (-2)/(-5) - (-28)/(-70). What is x(a)?
-6
Let x(p) = -p**2 + 3*p + 5. Suppose o + 2*o - 45 = 0. Suppose -4*u + o = t, t + 9 = 3*u + 4*t. Determine x(u).
1
Let i(p) = p**3 + 8*p**2 